by h.
11
Suppose 5*o + 7 = q, -14 = -5*q + 3*o + o. Suppose -4*h + 108 = 4*g, -q*h - g - 14 = -70. What is the remainder when h is divided by 10?
9
Let q(g) = 19*g. What is the remainder when q(5) is divided by 24?
23
Suppose -20*a - 180 = -23*a. Calculate the remainder when a is divided by 9.
6
Let f(j) = j**2 - 5*j - 8. Let l be f(6). Let y = 6 + l. Suppose -5*z + 2 = y*c - 6, 3*z = -4*c. What is the remainder when 11 is divided by z?
3
Suppose -3*i = x + 14, 4*x = -i - 3*i - 40. Calculate the remainder when 33 is divided by ((-18)/8)/(2/x).
6
Suppose -4*b + 4 = 0, 0*t + 3*b - 52 = -t. What is the remainder when t is divided by 13?
10
Let d be 112/(-6)*3/2. Calculate the remainder when 2 is divided by (-16)/(-7) - (-8)/d.
0
Calculate the remainder when (-4 - 28/(-6))*12 is divided by 5.
3
Suppose 60 = 2*v + 2*v. Calculate the remainder when 58 is divided by v.
13
Suppose -q = 2*s - 4*s - 19, 0 = -q + 3*s + 20. What is the remainder when 33 is divided by q?
16
Let w(l) = 8*l - 1. Calculate the remainder when w(5) is divided by 2/(-5) + (-104)/(-10).
9
Let u(m) = -15*m - 15. Calculate the remainder when u(-6) is divided by 13.
10
Let z = 2 + 0. Suppose z*u - 4*i - 16 = 0, 4*i + 32 = 5*u - 8. What is the remainder when 31 is divided by u?
7
Let r = 3 - 1. Suppose 0*k + k = 0. Let f = k + 4. What is the remainder when f is divided by r?
0
Suppose -20 = -4*y, 3*z - 3*y + 5*y - 100 = 0. Suppose -2*d - 4*q = -q - 28, q - 28 = -3*d. What is the remainder when z is divided by d?
6
Let a = 80 - 46. What is the remainder when a is divided by 4/4 - 3 - -14?
10
Let m(r) = -r**2 - 23*r - 51. Calculate the remainder when m(-15) is divided by 12.
9
Suppose -2*s = 5*p + 3*s - 105, 3*p - 2*s = 53. Let r = -104 + 219. Suppose -3*c = -r + 4. What is the remainder when c is divided by p?
18
Let z be (2 + -6)/(-4) + 1. Suppose 0 = z*l - 61 - 13. Calculate the remainder when l is divided by 20.
17
Suppose -3*a = -5*r - 6*a + 507, 3*r - 2*a - 289 = 0. What is the remainder when r is divided by 34?
31
Calculate the remainder when 23 is divided by 14*(90/21)/5.
11
Suppose -2*b + 2*r = 5*r + 19, 0 = b + r + 7. Suppose -4*c + 0 = -4. What is the remainder when 11 - (-2)/c - b is divided by 8?
7
Suppose -3*j + 88 = 4*h, 41 = 3*h + j - 5*j. Calculate the remainder when (-2)/(-7) + 257/7 is divided by h.
18
Suppose 0*h + 4*h = 96. Suppose v - 11*v = -90. What is the remainder when h is divided by v?
6
Let l(v) = -27*v - 3. Suppose 20 = -3*j - 2*j. Calculate the remainder when l(j) is divided by 27.
24
Suppose 3*x = 2*i + 4*x - 16, 3*x = 6. Suppose u = 4*z + z, -5*u = -2*z - 69. Suppose 3 = -4*s + u. Calculate the remainder when i is divided by s.
1
Let p(u) be the first derivative of -17*u**3/3 + u**2 - u + 2. Let z be p(1). Let q = z + 24. What is the remainder when 22 is divided by q?
6
Let k be 1/(-3) - 7/(-3). Suppose -o - 22 - 2 = -2*a, -k*a = 4*o - 4. Calculate the remainder when a is divided by 4.
2
Suppose -3*g = -2*g - 64. Calculate the remainder when g is divided by 22.
20
Let c be 4/(-10) - (-54)/10. Suppose 2*a + 19 = 2*w + 3*a, c*w - 5*a = 40. Calculate the remainder when 25 is divided by w.
7
Let c(k) = 6*k - 15. Let r(n) = n - 1. Let o(u) = -c(u) + 15*r(u). Let s be o(1). Calculate the remainder when 2 is divided by (-24)/(-9) - 6/s.
0
Let i(j) = -3*j - 13. What is the remainder when ((-11)/2)/((-1)/6) is divided by i(-10)?
16
Let w(i) = -i - 3. Let d be w(-3). Suppose v + 3*s = 13 + 1, 0 = 5*s - 5. Let r = d + v. Calculate the remainder when 20 is divided by r.
9
Let t = -3 + 5. Suppose 0 = -6*c + t*c + 100. Suppose -2*h = 3*h - c. Calculate the remainder when 13 is divided by h.
3
Suppose 162 = -6*q - 66. Let c = q + 64. Calculate the remainder when c is divided by 14.
12
Suppose -2*p + 17 = 5*k - 0*k, -5 = 5*k. What is the remainder when 76 is divided by p?
10
Suppose -35 = -6*s + s. Suppose -52 = -3*g + 5*y, s*g - 60 = 4*g - 3*y. Calculate the remainder when (-726)/(-10) - -3*(-6)/(-45) is divided by g.
16
Suppose -7*v + v = -300. Calculate the remainder when v is divided by 26.
24
What is the remainder when 230/3 - (-2)/6 is divided by 4/(-22) + (1464/66 - -4)?
25
Let t = -3 + 15. Calculate the remainder when 4/(-18) - 897/(-27) is divided by t.
9
Let y = 25 + 4. Suppose -y = -2*r - 3*c, -4*c + 5*c - 1 = 0. Let o = 2 + 5. Calculate the remainder when r is divided by o.
6
Let p be 185/(-4)*4*-1. Suppose -6*i = -i - p. Let o = -17 - -30. What is the remainder when i is divided by o?
11
Suppose o - 22 = -14. What is the remainder when 45 is divided by o?
5
Suppose -3*k = -5 - 25. Let z(i) = -i**2 + 4*i - 1. Calculate the remainder when k is divided by z(2).
1
Let h(a) = a**2 + 6*a - 2. Let s be h(-4). Suppose -c - 88 = -5*c. Calculate the remainder when c is divided by (-116)/s - 10/(-25).
10
Let f = -145 - -180. Calculate the remainder when f is divided by 16.
3
Suppose 3*g - 13 = 50. Suppose -5*o - 4 = -29. Suppose -4*u = b - 250, -5*u + 311 = -2*b + o. Calculate the remainder when u is divided by g.
20
Suppose 9*j + j - 250 = 0. Calculate the remainder when 98 is divided by j.
23
Suppose 0 = -4*x + 2*x + 2. Suppose 39*q - 20 = 19. Calculate the remainder when x is divided by q.
0
Let w = 15 + -4. Calculate the remainder when 1040/35 + (-2)/(-7) is divided by w.
8
Calculate the remainder when 23 is divided by 1 + (8/2 - -1).
5
Suppose -5*g = -7 - 8. What is the remainder when (-2)/g + 1168/24 is divided by 17?
14
Let u = 136 + -55. What is the remainder when u is divided by 28?
25
Let f(k) = k**2 + k + 1. Let r be f(-3). Suppose 0 = -3*l - 5*w + 55, -3*l + 35 = 2*w - r*w. Calculate the remainder when 43 is divided by l.
13
Let g = 62 - 39. Calculate the remainder when 89 is divided by g.
20
Suppose 5*l - 24 = -l. Let p = -3 - -4. What is the remainder when (14*p)/2*1 is divided by l?
3
Suppose 2*k - 148 = -2*k. What is the remainder when k is divided by 10?
7
Suppose -1 = -2*j + 25. Let q = 52 - -64. Suppose 0*b = -4*d + 3*b + 99, -4*b = 5*d - q. What is the remainder when d is divided by j?
11
Let v(o) = -13*o**3 + 2*o**2 + 2*o + 1. Let n = -5 - -4. What is the remainder when 27 is divided by v(n)?
13
Let m be ((-2 - -3) + -1)/2. Suppose 197 + 188 = 5*r. Suppose m = -5*f + r + 38. Calculate the remainder when f is divided by 6.
5
Let a(j) = j**2 + 4*j - 1. Calculate the remainder when 37 is divided by a(3).
17
Let y = 55 + -39. Calculate the remainder when y is divided by 4.
0
Let c = -1 + -12. What is the remainder when c/(-91) - 412/(-7) is divided by 16?
11
Suppose 0 = 2*k + k - 48. Suppose 0 = -4*q + 116. What is the remainder when q is divided by k?
13
Let a(x) = x + 4. Let z be a(-5). Let r be z - ((-1 - -2) + 2). What is the remainder when -1 - -1 - r/2 is divided by 1?
0
Suppose 0 = 5*t - 3*q - 22, q + 15 = 4*t + 3. Calculate the remainder when 6 is divided by t.
0
Let v(u) = u**2 + u. Let r be v(2). Suppose -r = -2*i + 14. Calculate the remainder when 38 is divided by i.
8
Let t(z) = z**2 + 1. Let u be t(2). Suppose u*r - 36 = 44. Let h(p) = -5*p - 4. What is the remainder when h(-7) is divided by r?
15
Let l be (-2)/2 + 15 + 2. Let j = l - 6. Suppose 3*f + 3*w - 2 = 1, 0 = 2*w + j. What is the remainder when 11 is divided by f?
5
Let f(z) = -2*z + 12. What is the remainder when f(3) is divided by 2?
0
Suppose 5*c - 4*c = -4, 3*l + 4*c - 212 = 0. Suppose 3*p - 63 = 4*r - 7, -5*p = 2*r - l. Let v = 13 + -4. Calculate the remainder when p is divided by v.
7
Let w(z) = -z**2 + 11*z + 1. Let y = 414 + -293. Calculate the remainder when y is divided by w(5).
28
Suppose 49 = -0*b + b. Calculate the remainder when b is divided by 10.
9
Suppose -x = 3*x - 40. Let c(w) be the third derivative of -19*w**4/24 - w**3/6 + 2*w**2. Calculate the remainder when c(-1) is divided by x.
8
Suppose -3*t - 5 = -8*t. Let q = t + 8. Calculate the remainder when (0 - 4)*(0 - 4) is divided by q.
7
What is the remainder when 17 is divided by ((-40)/(-48))/((-5)/(-30))?
2
Let f(o) = o + 12. Let l = 49 + -26. What is the remainder when l is divided by f(0)?
11
Let r = 109 - 54. Suppose z = 5*w + 12, -3*w - w + r = 3*z. Calculate the remainder when 50 is divided by z.
16
Let b(i) = 19*i**2. Suppose -4*f + 24 = -4. What is the remainder when b(-1) is divided by f?
5
Le